{"id":323,"date":"2024-04-03T14:17:36","date_gmt":"2024-04-03T12:17:36","guid":{"rendered":"https:\/\/theboxgallery.de\/shop\/?post_type=product&#038;p=323"},"modified":"2024-04-03T14:17:44","modified_gmt":"2024-04-03T12:17:44","slug":"dieter-glasmacher-kaempfer","status":"publish","type":"product","link":"https:\/\/theboxgallery.de\/shop\/produkt\/dieter-glasmacher-kaempfer\/","title":{"rendered":"DIETER GLASMACHER \u2013 K\u00c4MPFER"},"content":{"rendered":"<p>&nbsp;<\/p>\n<p>Nach einer Ausbildung als Patroneur und Musterzeichner absolvierte Dieter Glasmacher von 1963 bis 1968 ein Studium der Malerei an der Hochschule f\u00fcr Bildende K\u00fcnste in Hamburg. Bereits w\u00e4hrend seines Studiums nahm er an ersten \u00fcberregionalen Ausstellungen teil und engagierte sich in verschiedenen K\u00fcnstlergemeinschaften. Gemeinsam mit Gunter Gerlach, Herman Prigann, Werner N\u00f6fer und Dirk Zimmer (Dizi) gr\u00fcndete er 1965 die K\u00fcnstlergruppe Cruizin 4 (Syndikat f\u00fcr Kunstbetrieb). 1966 erhielt er ein einj\u00e4hriges Stipendium des Deutschen Akademischen Austauschdienstes (DAAD) f\u00fcr Z\u00fcrich. In den folgenden Jahren wurde sein Werk in Galerien und Museen in nahezu allen gr\u00f6\u00dferen St\u00e4dten Deutschlands sowie im europ\u00e4ischen Ausland pr\u00e4sentiert. Ab den 1980er Jahren kamen auch Ausstellungen au\u00dferhalb Europas hinzu, beispielsweise in Afrika und Lateinamerika.<\/p>\n<p>Dieter Glasmacher bediente sich neben der Malerei auch diverser anderer k\u00fcnstlerischer Medien, von Kunstaktionen wie der &#8220;Weltmeisterschaft im Dauermalen&#8221; \u00fcber Trickfilme bis hin zur fr\u00fchen Streetart, wie dem Wallpainting am Hamburger Musikklub Gr\u00fcnspan im Jahr 1968, einem der ersten Wallpaintings in Deutschland (zusammen mit Werner N\u00f6fer).<\/p>\n<p>Bereits fr\u00fch zeigte sich in Glasmachers Werken und Aktionen sein gesellschaftspolitisches Engagement: Kritische Beitr\u00e4ge zum Kunstbetrieb sowie Demonstrationen im Zuge der 68er-Bewegung machten ihn bekannt und brachten ihm zahlreiche Ehrungen ein. Zum Beispiel wurde er 1973 gemeinsam mit Kurt Rosenthal beim Internationalen Trickfilm-Festival in Guadalajara, Mexiko, f\u00fcr den Trickfilm &#8220;Maria Martinez Lopez&#8221; ausgezeichnet und erhielt 1979 den renommierten Edwin-Scharff-Preis der Stadt Hamburg.<\/p>\n<p>Ende der 1970er und Anfang der 1980er Jahre unternahm Dieter Glasmacher mehrmonatige Studienreisen durch Westafrika.<\/p>\n<p>Von 1980 bis 1995 war Glasmacher Professor an der Fachhochschule D\u00fcsseldorf im Fachbereich Design. 1989 war er Gastdozent an der Hochschule f\u00fcr Sch\u00f6ne K\u00fcnste in Abidjan, Elfenbeink\u00fcste. Von 1995 bis 2003 lehrte Glasmacher als Professor an der Hochschule f\u00fcr Angewandte Wissenschaften Hamburg im Fachbereich Gestaltung.<\/p>\n<p>Seit 1980 ist Dieter Glasmacher Mitglied der Freien Akademie der K\u00fcnste in Hamburg, und im Laufe der Zeit wurden seine Arbeiten in \u00fcber 70 Einzelausstellungen und mehr als 140 Gruppenausstellungen gezeigt. Dieter Glasmacher lebt und arbeitet in der N\u00e4he von Hamburg.<\/p>\n<p><a href=\"http:\/\/dieter-glasmacher.de\/\">dieter-glasmacher.de<\/a><\/p>\n","protected":false},"excerpt":{"rendered":"<p>&nbsp; Nach einer Ausbildung als Patroneur und Musterzeichner absolvierte Dieter Glasmacher von 1963 bis 1968 ein Studium der Malerei an der Hochschule f\u00fcr Bildende K\u00fcnste in Hamburg. Bereits w\u00e4hrend seines Studiums nahm er an ersten \u00fcberregionalen Ausstellungen teil und engagierte sich in verschiedenen K\u00fcnstlergemeinschaften. Gemeinsam mit Gunter Gerlach, Herman Prigann, Werner N\u00f6fer und Dirk Zimmer [&hellip;]<\/p>\n","protected":false},"featured_media":350,"comment_status":"open","ping_status":"closed","template":"","meta":[],"product_cat":[62],"product_tag":[63],"class_list":{"0":"post-323","1":"product","2":"type-product","3":"status-publish","4":"has-post-thumbnail","6":"product_cat-devin-miles","7":"product_tag-devin-miles","9":"first","10":"instock","11":"taxable","12":"shipping-taxable","13":"product-type-simple"},"_links":{"self":[{"href":"https:\/\/theboxgallery.de\/shop\/wp-json\/wp\/v2\/product\/323","targetHints":{"allow":["GET"]}}],"collection":[{"href":"https:\/\/theboxgallery.de\/shop\/wp-json\/wp\/v2\/product"}],"about":[{"href":"https:\/\/theboxgallery.de\/shop\/wp-json\/wp\/v2\/types\/product"}],"replies":[{"embeddable":true,"href":"https:\/\/theboxgallery.de\/shop\/wp-json\/wp\/v2\/comments?post=323"}],"version-history":[{"count":1,"href":"https:\/\/theboxgallery.de\/shop\/wp-json\/wp\/v2\/product\/323\/revisions"}],"predecessor-version":[{"id":351,"href":"https:\/\/theboxgallery.de\/shop\/wp-json\/wp\/v2\/product\/323\/revisions\/351"}],"wp:featuredmedia":[{"embeddable":true,"href":"https:\/\/theboxgallery.de\/shop\/wp-json\/wp\/v2\/media\/350"}],"wp:attachment":[{"href":"https:\/\/theboxgallery.de\/shop\/wp-json\/wp\/v2\/media?parent=323"}],"wp:term":[{"taxonomy":"product_cat","embeddable":true,"href":"https:\/\/theboxgallery.de\/shop\/wp-json\/wp\/v2\/product_cat?post=323"},{"taxonomy":"product_tag","embeddable":true,"href":"https:\/\/theboxgallery.de\/shop\/wp-json\/wp\/v2\/product_tag?post=323"}],"curies":[{"name":"wp","href":"https:\/\/api.w.org\/{rel}","templated":true}]}}