{"id":320,"date":"2024-04-03T14:17:36","date_gmt":"2024-04-03T12:17:36","guid":{"rendered":"https:\/\/theboxgallery.de\/shop\/?post_type=product&#038;p=320"},"modified":"2024-04-03T14:17:43","modified_gmt":"2024-04-03T12:17:43","slug":"christophe-jacrot-broadway-snow","status":"publish","type":"product","link":"https:\/\/theboxgallery.de\/shop\/produkt\/christophe-jacrot-broadway-snow\/","title":{"rendered":"CHRISTOPHE JACROT \u2013 BROADWAY SNOW"},"content":{"rendered":"<p>2011<br \/>\n90 cm x 135 cm<br \/>\nKaschierung unter Acrylglas<br \/>\nLimited Edition: 150<\/p>\n<h2><a href=\"https:\/\/christophejacrot.com\/\">Christophe Jacrot,<\/a> geboren 1960, ist ein zeitgen\u00f6ssischer Fotograf, der in Paris lebt. Obwohl Jacrot sich gelegentlich schon in seiner Jugend mit Fotografie besch\u00e4ftigte, sagt er selbst, dass er erst im Jahr 2006 zur Fotografie kam, nachdem er seine Ausbildung zum Fotojournalisten abgeschlossen hatte.<\/h2>\n<p>Urspr\u00fcnglich nahm Jacrot einen Job an, um Paris bei sch\u00f6nem Fr\u00fchlingswetter f\u00fcr eine Touristenbrosch\u00fcre zu fotografieren, wurde jedoch stattdessen von dem schrecklich regnerischen Wetter dieses Jahres inspiriert. Dies f\u00fchrte zu seinem ersten gro\u00dfen Projekt, Paris im Regen.<\/p>\n","protected":false},"excerpt":{"rendered":"<p>2011 90 cm x 135 cm Kaschierung unter Acrylglas Limited Edition: 150 Christophe Jacrot, geboren 1960, ist ein zeitgen\u00f6ssischer Fotograf, der in Paris lebt. Obwohl Jacrot sich gelegentlich schon in seiner Jugend mit Fotografie besch\u00e4ftigte, sagt er selbst, dass er erst im Jahr 2006 zur Fotografie kam, nachdem er seine Ausbildung zum Fotojournalisten abgeschlossen hatte. [&hellip;]<\/p>\n","protected":false},"featured_media":344,"comment_status":"open","ping_status":"closed","template":"","meta":[],"product_cat":[57],"product_tag":[58],"class_list":{"0":"post-320","1":"product","2":"type-product","3":"status-publish","4":"has-post-thumbnail","6":"product_cat-christophe-jacrot","7":"product_tag-christophe-jacrot","9":"first","10":"instock","11":"taxable","12":"shipping-taxable","13":"purchasable","14":"product-type-simple"},"_links":{"self":[{"href":"https:\/\/theboxgallery.de\/shop\/wp-json\/wp\/v2\/product\/320","targetHints":{"allow":["GET"]}}],"collection":[{"href":"https:\/\/theboxgallery.de\/shop\/wp-json\/wp\/v2\/product"}],"about":[{"href":"https:\/\/theboxgallery.de\/shop\/wp-json\/wp\/v2\/types\/product"}],"replies":[{"embeddable":true,"href":"https:\/\/theboxgallery.de\/shop\/wp-json\/wp\/v2\/comments?post=320"}],"version-history":[{"count":1,"href":"https:\/\/theboxgallery.de\/shop\/wp-json\/wp\/v2\/product\/320\/revisions"}],"predecessor-version":[{"id":345,"href":"https:\/\/theboxgallery.de\/shop\/wp-json\/wp\/v2\/product\/320\/revisions\/345"}],"wp:featuredmedia":[{"embeddable":true,"href":"https:\/\/theboxgallery.de\/shop\/wp-json\/wp\/v2\/media\/344"}],"wp:attachment":[{"href":"https:\/\/theboxgallery.de\/shop\/wp-json\/wp\/v2\/media?parent=320"}],"wp:term":[{"taxonomy":"product_cat","embeddable":true,"href":"https:\/\/theboxgallery.de\/shop\/wp-json\/wp\/v2\/product_cat?post=320"},{"taxonomy":"product_tag","embeddable":true,"href":"https:\/\/theboxgallery.de\/shop\/wp-json\/wp\/v2\/product_tag?post=320"}],"curies":[{"name":"wp","href":"https:\/\/api.w.org\/{rel}","templated":true}]}}