{"id":314,"date":"2024-04-03T14:17:35","date_gmt":"2024-04-03T12:17:35","guid":{"rendered":"https:\/\/theboxgallery.de\/shop\/?post_type=product&#038;p=314"},"modified":"2024-04-03T14:17:38","modified_gmt":"2024-04-03T12:17:38","slug":"andy-warhol-committee","status":"publish","type":"product","link":"https:\/\/theboxgallery.de\/shop\/produkt\/andy-warhol-committee\/","title":{"rendered":"ANDY WARHOL \u2013 COMMITTEE"},"content":{"rendered":"<p>2000<br \/>\n76,2 cm x 50,8 cm<br \/>\ncolor screenprint<br \/>\nsigned and stamped<br \/>\nEdition A.P. 1675\/2000<br \/>\nPreis: 7.000, 00 \u20ac<\/p>\n<h2>1928 in eine Familie tschechischer Einwanderer hineingeboren, avancierte Andy Warhol zu einem der bedeutendsten K\u00fcnstler des 21. Jahrhunderts. Durch seine F\u00fchrung wurde die Pop-Art-Bewegung der 1960er Jahre geformt und erheblich beeinflusst, und ihr Einfluss ist bis heute sp\u00fcrbar.<\/h2>\n","protected":false},"excerpt":{"rendered":"<p>2000 76,2 cm x 50,8 cm color screenprint signed and stamped Edition A.P. 1675\/2000 Preis: 7.000, 00 \u20ac 1928 in eine Familie tschechischer Einwanderer hineingeboren, avancierte Andy Warhol zu einem der bedeutendsten K\u00fcnstler des 21. Jahrhunderts. Durch seine F\u00fchrung wurde die Pop-Art-Bewegung der 1960er Jahre geformt und erheblich beeinflusst, und ihr Einfluss ist bis heute [&hellip;]<\/p>\n","protected":false},"featured_media":332,"comment_status":"open","ping_status":"closed","template":"","meta":[],"product_cat":[44],"product_tag":[45,47],"class_list":{"0":"post-314","1":"product","2":"type-product","3":"status-publish","4":"has-post-thumbnail","6":"product_cat-andy-warhol","7":"product_tag-andy-warhol","8":"product_tag-committee","10":"first","11":"instock","12":"taxable","13":"shipping-taxable","14":"purchasable","15":"product-type-simple"},"_links":{"self":[{"href":"https:\/\/theboxgallery.de\/shop\/wp-json\/wp\/v2\/product\/314","targetHints":{"allow":["GET"]}}],"collection":[{"href":"https:\/\/theboxgallery.de\/shop\/wp-json\/wp\/v2\/product"}],"about":[{"href":"https:\/\/theboxgallery.de\/shop\/wp-json\/wp\/v2\/types\/product"}],"replies":[{"embeddable":true,"href":"https:\/\/theboxgallery.de\/shop\/wp-json\/wp\/v2\/comments?post=314"}],"version-history":[{"count":1,"href":"https:\/\/theboxgallery.de\/shop\/wp-json\/wp\/v2\/product\/314\/revisions"}],"predecessor-version":[{"id":333,"href":"https:\/\/theboxgallery.de\/shop\/wp-json\/wp\/v2\/product\/314\/revisions\/333"}],"wp:featuredmedia":[{"embeddable":true,"href":"https:\/\/theboxgallery.de\/shop\/wp-json\/wp\/v2\/media\/332"}],"wp:attachment":[{"href":"https:\/\/theboxgallery.de\/shop\/wp-json\/wp\/v2\/media?parent=314"}],"wp:term":[{"taxonomy":"product_cat","embeddable":true,"href":"https:\/\/theboxgallery.de\/shop\/wp-json\/wp\/v2\/product_cat?post=314"},{"taxonomy":"product_tag","embeddable":true,"href":"https:\/\/theboxgallery.de\/shop\/wp-json\/wp\/v2\/product_tag?post=314"}],"curies":[{"name":"wp","href":"https:\/\/api.w.org\/{rel}","templated":true}]}}